= -3*y - 2 - 1. Let q(x) be the third derivative of -1/20*x**6 - 3 - 11*x**2 - 1/12*x**4 - 1/6*x**3 - 1/60*x**5 + 0*x. Calculate q(y).
6
Suppose 10*z - 8*z = -i - 12, -15 = 5*i - 5*z. Let c be i*((-12)/(-24))/((-1)/2). Let l(p) = p**3 - 5*p**2 - 7*p + 9. What is l(c)?
3
Let p(c) be the second derivative of 0 + 1/8*c**4 - 17*c + 0*c**3 - 19/2*c**2 - 1/15*c**5. Let s(v) be the first derivative of p(v). Calculate s(2).
-10
Let f(s) = s**2 + 20*s - 40. Let h(n) = n**2 + 20*n - 42. Let k(v) = -3*f(v) + 4*h(v). Calculate k(-22).
-4
Let d(t) be the third derivative of t**6/120 - 3*t**5/5 - t**4/8 + 103*t**3/6 + 6752*t**2. Calculate d(36).
-5
Let p be (2 - 1)/(1/6). Let y be p/2*(-4)/6. Let t(h) be the third derivative of h**6/120 + h**5/60 + h**4/8 + h**3/3 - 6*h**2 + 8690. Determine t(y).
-8
Let y(f) = 32*f**2 + 3*f. Let x be (3 + (-18)/27 + -3)*1*-3. What is y(x)?
134
Let k(p) = 73*p + 108. Let r(l) = 42*l + 55. Let m(q) = -4*k(q) + 7*r(q). What is m(12)?
-23
Let r be (-2)/((2 - 1)/(-1)). Let n(j) be the second derivative of -1/6*j**4 + 0 - 1/3*j**3 - 47*j + 1/10*j**5 + j**2. Calculate n(r).
6
Let c(k) be the second derivative of k**4/12 + 2*k**3/3 - 3*k**2 - 5*k. Let x(y) = -2*y**2 - 47*y - 31. Let o be x(-22). Suppose 5 = 6*m + o. What is c(m)?
-1
Let u = 2 - -8. Let b = u + -14. Let d(n) = 7*n**2 - 10*n + 1. Let s(q) = q**3 + 16*q**2 - 24*q - 3. Let v(m) = -2*d(m) + s(m). Calculate v(b).
-21
Let l(y) = y**3 - 5*y**2 + 5*y + 3. Suppose -6*f + 2*f = 0. Suppose f = 3*d - 4*d. Let v be 0 + (-8 + d)/(-2). Calculate l(v).
7
Let h(u) = -u**2 + 2*u - 3. Let w(y) = -10*y**2 + 34*y - 31. Let q(n) = 9*h(n) - w(n). Suppose 17 + 12 = 2*i - m, 4*i - 3*m = 57. What is q(i)?
-11
Let p = -420 - -422. Let t(z) = 27*z**p - 9*z**2 - 8*z - 7 - 17*z**2. Determine t(9).
2
Suppose -s = 3*v - 8, -7*v + 3*v = -4*s. Let c(q) = q**3 - 12*q**2 + 3 - 10*q**2 + 3*q - 7*q**s + 21*q**2. Calculate c(7).
-25
Let i(w) = -6*w**2 - w - 1. Let z(o) = -o**2 - 3*o + 49. Let y be z(5). Suppose -y*d - 18*d = 27. Give i(d).
-6
Let v(k) be the second derivative of k**3/6 - 3*k**2/2 + 30394*k. Let y(p) = 2*p - 8. Let f be y(7). Determine v(f).
3
Suppose 13*x = 4*x - 18. Let c(l) be the first derivative of -l**4/2 - l**3/3 + l**2/2 + 2*l + 21. Calculate c(x).
12
Let u(a) = 0 - 6*a - 1 + 5 + 8. Let g(v) = -v**3 + 4*v**2 - 119*v + 983. Let y be g(7). Determine u(y).
-6
Let l(z) = z**2 + 4*z - 17. Let s be l(3). Suppose 0 = 2*h - 10, -a - 3*h = -s*a - 21. Let q(g) = 0 + 0 + g + g**2. Determine q(a).
2
Let z(g) = -167*g**2 + 168*g**2 + 55 + 6*g - 58 - 3*g**3. What is z(3)?
-57
Let p be ((-4)/(-8))/(-2*(-5)/20). Let b(n) = 22*n + 2 + p + 19*n - 43*n. Determine b(-7).
17
Let o = 4266 + -2927. Let w be o/91 - (4/7)/(-2). Suppose -3*b - 2*m = -w, -5*m - 29 = -3*b + b. Let l(f) = f**3 - 7*f**2 - 3*f + 7. What is l(b)?
-14
Let t(x) = 3*x + 8. Suppose 0 = 3*o + 6, -3*n - 2*o = n - 108. Suppose -4*r = -d - 14, 0*r - n = 5*d + r. Calculate t(d).
-10
Let f(l) = 5*l**2 - 5*l + 10. Let i(x) = -4*x**2 + 6*x - 10. Let v(h) = h - 1. Let d be v(-5). Let z(m) = d*i(m) - 5*f(m). Calculate z(-9).
28
Let r(v) be the first derivative of -v**3 + 31*v**2/2 + 30*v - 5653. What is r(11)?
8
Let d(t) = -t + 32. Let j be d(5). Let v(s) = -18*s + s**2 - 4*s + j*s + 4. Let r = 2 - 6. Determine v(r).
0
Let d(g) = -10*g - 48. Let x = -2571 + 2566. Give d(x).
2
Let p(z) = -3*z**3 + 15*z**2 + 40*z + 6. Let j(k) = -5*k**3 + 29*k**2 + 73*k + 12. Let a(r) = -4*j(r) + 7*p(r). What is a(-10)?
14
Let s(z) be the second derivative of 79*z - 11/2*z**2 + 0 - 1/2*z**3. Determine s(-4).
1
Let o(c) = -c**3 + 11*c**2 - 11*c + 16. Let y = 9236 + -9226. Determine o(y).
6
Let v(o) = o + 2*o**3 + o - 104 + 2*o**2 + 112 + 2*o. Give v(-2).
-8
Let c(u) be the first derivative of u**3/3 + 9*u**2/2 - 8*u - 2. Let o = 149 - 110. Suppose 4*l = -5*f - o, -5*f + 9 = -3*l - 2*f. Determine c(l).
-26
Let p(q) = 2*q - 8. Suppose 0*m + 2*m - 3*x = 27, 3*m + 4*x = 49. Suppose i + 7 - m = 0. Suppose -i = 6*v - 44. Calculate p(v).
4
Let h(t) = 2*t**2 + 18*t - 336. Let y be h(-19). Let s(d) be the second derivative of y*d + 1/2*d**2 + 0*d**4 + 0 - 1/20*d**5 + 0*d**3. Give s(1).
0
Let z(x) = x**2 + 35*x + 10. Let m = 30948 - 30948. Give z(m).
10
Let j(m) be the third derivative of -1/24*m**4 - 75*m**2 + 0*m - 1/60*m**5 + 0 + 1/6*m**3. What is j(1)?
-1
Let x(t) = -13 - 63*t**2 + 62*t**2 - 5 - 14*t. Determine x(-9).
27
Suppose 91*h = 88*h + 18. Let l(u) = 13*u**3 + 42*u**2 - 3*u + 7. Let g(j) = -5*j**3 - 15*j**2 + j - 2. Let n(y) = -8*g(y) - 3*l(y). What is n(h)?
1
Let u(m) = m**2 + 6*m + 18. Let x be u(-5). Let s = 17 - x. Suppose 0 = 6*l + s*l. Let o(q) = -q + 1. What is o(l)?
1
Let i(h) be the second derivative of -11*h**3/6 - 51*h**2 + 3*h + 1747. Calculate i(-14).
52
Let r(q) = -5*q**2 - 26*q - 12. Let j(u) = u**2 + 3*u + 2. Let b(g) = -4*j(g) - r(g). Calculate b(-13).
-9
Let n(o) = -2*o**2 + 14*o - 9. Let v(u) = 4*u**2 - 4*u**2 - 47 + 3*u**2 - 21*u + 60. Let c(j) = -7*n(j) - 5*v(j). What is c(7)?
-2
Let b be 7*3*(-60)/(-63). Suppose b*z - 18*z = 0. Suppose z = -6*k - 13 - 5. Let y(f) = f**2 + f + 4. Calculate y(k).
10
Let r(c) = 2*c**2 + 6*c + 4. Suppose -12*l + 7*l - 25 = 0. Determine r(l).
24
Let b(y) be the second derivative of 5*y**3/6 - 2*y**2 + 1378*y. What is b(1)?
1
Suppose -15*p + 153 = 36*p. Let r(n) = -7*n - 3 - 6*n + 15*n. What is r(p)?
3
Let j(b) = -b + 2. Suppose 4*m + 12 = -4*q, 6 = -89*q + 94*q - 2*m. Give j(q).
2
Let b(d) be the second derivative of -d**7/2520 + d**6/60 + d**5/15 + 31*d**4/3 - 145*d. Let o(a) be the third derivative of b(a). Determine o(14).
-20
Let i(f) = -5*f + 3. Let b(d) = -11*d + 6. Let q(w) = 4*b(w) - 9*i(w). Let s(z) = 111*z**3 - 1332*z**2 + 10*z - 123. Let l be s(12). Calculate q(l).
-6
Suppose 2*a = -l + 7, -3 = -8*l + 7*l. Let g(w) = 102*w**2 + 100*w**a + 4 - 22 - 203*w**2. Give g(0).
-18
Let q = 244 + -199. Let p(m) = -38*m + 123*m + 4*m**2 - q*m - 39*m. What is p(-3)?
33
Let p = 15 - 25. Let k(u) = -7*u**2 + 8*u + 2 + 11 - 4 + 8*u**2 - 5 - 8. Determine k(p).
16
Suppose -2*m + 6 = -4*m. Let p(a) = -6*a - 24. Let y be 10 + -12 + 0 + 5. Let r(n) = 3*n + 9. Let t(b) = y*p(b) + 8*r(b). Calculate t(m).
-18
Let v(c) = 115 + 10*c - 14*c - 108. Let f(l) = l**3 + 15*l**2 - l - 12. Let s be f(-15). Give v(s).
-5
Let c(r) = 197*r + 1 - 387*r + 184*r. Let a = 7 - 11. Let p(s) = 5*s - 1. Let i(n) = a*p(n) - 3*c(n). Give i(-6).
13
Let n(y) = -y**2 - y + 4. Suppose z - 2 = -z + 4*o, -2*z - 3*o - 33 = 0. Let k be ((-30)/z - 3)/((-1)/(-129)). Let q = k + -46. Determine n(q).
-2
Suppose -3*l + 0*l - 48 = 0. Let q be (l/(-10))/((-1)/5). Let c(a) = -5*a**2. Let o(g) = -21*g**2 - 9*g - 8. Let s(p) = -4*c(p) + o(p). Determine s(q).
0
Suppose 4*f = 3*m - 5, -4*f + 4*m + 9 = 17. Let d(q) = 7*q**3 + 2*q - 2. Calculate d(f).
7
Suppose -3*u - 2*c - 16 = 0, c - 35 = -u - 39. Let p(v) be the first derivative of -v**3/3 - 3*v**2/2 + 9*v - 61. Determine p(u).
-31
Let a(g) be the first derivative of 1/2*g**2 + 5 - 3*g. What is a(-2)?
-5
Suppose 17*n + 32 = 49. Let q(f) = 2*f**2 - 3. Let p(j) = -5*j**2 + 3*j + 12. Let d(v) = n*p(v) + 2*q(v). Determine d(4).
2
Suppose -2*i = -2*r - 10, 2*r + 3*r + i + 13 = 0. Let v(z) be the third derivative of -1/30*z**5 - 1/6*z**4 + 0*z + 0*z**3 - 64*z**2 + 0. What is v(r)?
-6
Let m = 128 - 128. Let g(o) = -o**2 - o - 16. Determine g(m).
-16
Let z(m) = -4*m. Let y be (1*(-2)/(-8))/((297/(-308))/27). Calculate z(y).
28
Let c(q) = 2*q**2 + 5*q - 4. Let l(k) = 1. Let n(h) = c(h) + 4*l(h). Let s = -86 + 86. Suppose -7*a - 62 + 34 = s. What is n(a)?
12
Suppose 6*u = -1 + 25. Suppose 11*z + u = 12*z. Suppose -3*h + 12 = 3*a, 13 + 7 = 5*h - z*a. Let m(b) = -b**3 + 3*b**2 + 4*b + 3. What is m(h)?
3
Let l be (-10 - -7)/(9/(-588)*2). Let x(s) = -2*s**2 + 50*s + 13 - 8 + 44*s - l*s. Give x(-4).
-11
Let g be (2/(1 + 11))/((-12)/(-144)). Let a(y) = y. Let r(m) = -2*m**3 + 4*m**2 + 2*m - 1. Let k(b) = 4*a(b) - r(b). Give k(g).
5
Let d = 556 + -378. Suppose -d + 106 = -12*u. Let z(k) = -k**2 + 5*k. Calculate z(u).
-6
Suppose -s + 4 = -4*c + s, -2 = 5*c - 4*s. Let y be 3 + -1 - (3 + c + -1). Let q(i) = -3*i - 4*i + 7*i + i - 3 - i**y. Give q(3).
-9
Let c = -4 + 15. Suppose -6*u = -26 - 34. Let q(z) = u*z + 2*z**2 - 69 + 78 -